 the remainder when 342 is divided by 50.
42
What is the remainder when 113 is divided by 25?
13
Calculate the remainder when 1279 is divided by 378.
145
Calculate the remainder when 695 is divided by 24.
23
What is the remainder when 11283 is divided by 52?
51
Calculate the remainder when 207 is divided by 86.
35
What is the remainder when 51 is divided by 40?
11
Calculate the remainder when 2328 is divided by 11.
7
Calculate the remainder when 71 is divided by 19.
14
Calculate the remainder when 2069 is divided by 90.
89
What is the remainder when 220 is divided by 78?
64
What is the remainder when 245 is divided by 3?
2
What is the remainder when 104 is divided by 36?
32
What is the remainder when 171 is divided by 40?
11
Calculate the remainder when 2066 is divided by 116.
94
Calculate the remainder when 20549 is divided by 25.
24
Calculate the remainder when 280 is divided by 42.
28
What is the remainder when 60 is divided by 37?
23
What is the remainder when 304 is divided by 43?
3
What is the remainder when 24058 is divided by 49?
48
Calculate the remainder when 248 is divided by 13.
1
Calculate the remainder when 677 is divided by 85.
82
What is the remainder when 2431 is divided by 29?
24
What is the remainder when 65 is divided by 7?
2
What is the remainder when 29597 is divided by 200?
197
What is the remainder when 81 is divided by 18?
9
Calculate the remainder when 3510 is divided by 37.
32
Calculate the remainder when 2099 is divided by 60.
59
What is the remainder when 381 is divided by 32?
29
What is the remainder when 603 is divided by 121?
119
What is the remainder when 241 is divided by 11?
10
Calculate the remainder when 73 is divided by 5.
3
What is the remainder when 3188 is divided by 91?
3
Calculate the remainder when 192 is divided by 39.
36
What is the remainder when 163 is divided by 4?
3
What is the remainder when 29 is divided by 19?
10
Calculate the remainder when 1433 is divided by 447.
92
What is the remainder when 687 is divided by 84?
15
Calculate the remainder when 302 is divided by 22.
16
Calculate the remainder when 43 is divided by 4.
3
Calculate the remainder when 18056 is divided by 172.
168
What is the remainder when 68 is divided by 18?
14
What is the remainder when 2019 is divided by 200?
19
Calculate the remainder when 408 is divided by 111.
75
What is the remainder when 37 is divided by 4?
1
Calculate the remainder when 388 is divided by 17.
14
What is the remainder when 1131 is divided by 9?
6
Calculate the remainder when 108 is divided by 58.
50
Calculate the remainder when 3598 is divided by 59.
58
What is the remainder when 2758 is divided by 12?
10
What is the remainder when 80 is divided by 66?
14
Calculate the remainder when 17 is divided by 11.
6
What is the remainder when 610 is divided by 75?
10
What is the remainder when 949 is divided by 311?
16
What is the remainder when 1935 is divided by 35?
10
Calculate the remainder when 118 is divided by 114.
4
What is the remainder when 44 is divided by 41?
3
What is the remainder when 10919 is divided by 127?
124
What is the remainder when 2265 is divided by 54?
51
Calculate the remainder when 172 is divided by 25.
22
What is the remainder when 234 is divided by 61?
51
What is the remainder when 207 is divided by 62?
21
What is the remainder when 961 is divided by 26?
25
What is the remainder when 456 is divided by 150?
6
Calculate the remainder when 3268 is divided by 30.
28
What is the remainder when 100 is divided by 34?
32
Calculate the remainder when 2294 is divided by 153.
152
What is the remainder when 1227 is divided by 32?
11
Calculate the remainder when 119 is divided by 40.
39
Calculate the remainder when 436 is divided by 411.
25
Calculate the remainder when 2143 is divided by 74.
71
What is the remainder when 292 is divided by 58?
2
Calculate the remainder when 329 is divided by 42.
35
Calculate the remainder when 152 is divided by 80.
72
Calculate the remainder when 66 is divided by 14.
10
What is the remainder when 41 is divided by 12?
5
What is the remainder when 858 is divided by 79?
68
What is the remainder when 851 is divided by 71?
70
What is the remainder when 371 is divided by 66?
41
What is the remainder when 193 is divided by 182?
11
Calculate the remainder when 290 is divided by 77.
59
Calculate the remainder when 115 is divided by 21.
10
What is the remainder when 2294 is divided by 85?
84
Calculate the remainder when 336 is divided by 170.
166
Calculate the remainder when 109 is divided by 15.
4
Calculate the remainder when 931 is divided by 463.
5
Calculate the remainder when 15003 is divided by 246.
243
Calculate the remainder when 440 is divided by 21.
20
Calculate the remainder when 829 is divided by 166.
165
Calculate the remainder when 177 is divided by 15.
12
What is the remainder when 1000 is divided by 499?
2
What is the remainder when 332 is divided by 323?
9
What is the remainder when 12040 is divided by 15?
10
What is the remainder when 168 is divided by 9?
6
What is the remainder when 2743 is divided by 910?
13
Calculate the remainder when 747 is divided by 218.
93
What is the remainder when 167 is divided by 41?
3
What is the remainder when 1477 is divided by 486?
19
Calculate the remainder when 9 is divided by 1.
0
What is the remainder when 8646 is divided by 320?
6
What is the remainder when 1257 is divided by 6?
3
What is the remainder when 609 is divided by 17?
14
Calculate the remainder when 168 is divided by 159.
9
What is the remainder when 22 is divided by 9?
4
Calculate the remainder when 5102 is divided by 63.
62
Calculate the remainder when 97 is divided by 47.
3
What is the remainder when 265 is divided by 127?
11
What is the remainder when 136 is divided by 47?
42
What is the remainder when 43 is divided by 11?
10
Calculate the remainder when 73 is divided by 20.
13
What is the remainder when 1794 is divided by 27?
12
What is the remainder when 709 is divided by 142?
141
What is the remainder when 2247 is divided by 15?
12
What is the remainder when 1910 is divided by 49?
48
What is the remainder when 69 is divided by 39?
30
What is the remainder when 159 is divided by 11?
5
What is the remainder when 121 is divided by 16?
9
What is the remainder when 155 is divided by 97?
58
Calculate the remainder when 1169 is divided by 130.
129
Calculate the remainder when 88 is divided by 51.
37
What is the remainder when 480 is divided by 467?
13
Calculate the remainder when 285 is divided by 92.
9
What is the remainder when 244 is divided by 41?
39
Calculate the remainder when 5112 is divided by 11.
8
Calculate the remainder when 261 is divided by 15.
6
What is the remainder when 19343 is divided by 6?
5
What is the remainder when 319 is divided by 17?
13
Calculate the remainder when 7605 is divided by 7.
3
Calculate the remainder when 708 is divided by 122.
98
Calculate the remainder when 1104 is divided by 44.
4
Calculate the remainder when 218 is divided by 75.
68
Calculate the remainder when 1273 is divided by 118.
93
What is the remainder when 1315 is divided by 60?
55
Calculate the remainder when 448 is divided by 113.
109
Calculate the remainder when 174 is divided by 7.
6
What is the remainder when 2579 is divided by 68?
63
What is the remainder when 48 is divided by 34?
14
What is the remainder when 538 is divided by 21?
13
What is the remainder when 41 is divided by 22?
19
What is the remainder when 117 is divided by 61?
56
Calculate the remainder when 584 is divided by 49.
45
Calculate the remainder when 956 is divided by 48.
44
Calculate the remainder when 538 is divided by 176.
10
What is the remainder when 869 is divided by 46?
41
Calculate the remainder when 151 is divided by 32.
23
What is the remainder when 593 is divided by 27?
26
What is the remainder when 546 is divided by 93?
81
Calculate the remainder when 217 is divided by 32.
25
Calculate the remainder when 162 is divided by 11.
8
What is the remainder when 347 is divided by 181?
166
What is the remainder when 1068 is divided by 7?
4
Calculate the remainder when 216 is divided by 23.
9
What is the remainder when 2449 is divided by 177?
148
Calculate the remainder when 2333 is divided by 16.
13
What is the remainder when 974